digit of (-4)/6*m/(-36)?
1
Let t(f) = -20*f**2 + 1058*f - 18. What is the units digit of t(36)?
0
Suppose -3*c = 2*p + 80, -3*p = -4*c - 8*p - 95. Let m = c - 21. Let b = 42 - m. What is the tens digit of b?
9
Let g = 750 + -676. Suppose -4*i + 2*i = 98. Let m = g + i. What is the tens digit of m?
2
Let p(j) = -j**2 + 30*j - 229. Let i be p(16). What is the hundreds digit of (1024 - 6) + i - 8?
0
Let n(s) = 109*s**2 - 8*s - 219. What is the thousands digit of n(-10)?
0
Let s(p) = -p**2 - 6*p + 7. Let g be s(-7). Suppose -5*w + 15 = c, 2*c = -0*c. Suppose 3*m + 370 = 5*r, -w*m = -g*r - 2*r + 157. What is the tens digit of r?
7
Let p(t) = 1319*t - 2763. What is the tens digit of p(14)?
0
Suppose 380 = 12*k - 2*k. Suppose s = -k + 135. What is the tens digit of s?
9
Suppose 3*d + a = 38, -5*a + 0*a = -25. Suppose 13*b = d*b + 10. Suppose 0 = b*g - 965 + 25. What is the units digit of g?
8
Let r(q) be the second derivative of q**5/20 + 13*q**4/12 + 17*q**3/6 + 12*q**2 - 33*q + 2. What is the units digit of r(-11)?
9
Suppose -2*o - 4 = 0, 4*o + 514 - 137 = 3*k. Suppose -5*u + 892 = 5*p - k, -3*u + 5*p = -593. What is the units digit of u?
1
Let p be ((-2)/(-5))/(85/850). Suppose y = p*o + 910, -3*y + 2113 + 647 = -2*o. What is the tens digit of y?
2
Suppose 4*a + 138 = 146. Let d(x) = 9*x - 6*x + 2 - x**3 - 5*x - x + a*x**2. What is the tens digit of d(-3)?
5
Let o(c) = -168*c - 11 + 39*c**2 + 178*c - 15. What is the units digit of o(4)?
8
Let o(m) = 19*m + 36. Let b be o(-4). What is the tens digit of (13980/b)/((-1)/2)?
9
Suppose -g + 49 = -2*c, -2*g + 101 = 16*c - 19*c. What is the units digit of (1 - 23/(-2))*836/g?
0
Suppose 5*y - 3*j - 9 = 0, 0*y + 4*y - 5*j - 2 = 0. Suppose 6 + 0 = -2*z, 0 = y*k + z - 12. Suppose -111 = -k*g + 59. What is the units digit of g?
4
Let f be (2 + -9 - -5)*45/2. Let m = f - -207. What is the hundreds digit of m?
1
Let w(z) = 4*z**3 + 4*z**2 + 5*z + 1. Let t be w(-2). Let c = 28 + t. Suppose c*f = 2*j - 91, 3*j - 5*f + 22 - 158 = 0. What is the units digit of j?
7
Let c = 38 + -29. Suppose 3*k = 3*u - 1578, 0 = 3*u - k + 6*k - 1594. Suppose u = -3*a + c*a. What is the tens digit of a?
8
Let n(i) = 75*i + 153. Suppose -5*x = -3*j + 57, 0 = 3*j - 4*j - x + 11. What is the hundreds digit of n(j)?
2
Let g be (1350/(-33))/6 - 2/11. Let j be -12 - g - (318 - -2). Let r = 471 + j. What is the tens digit of r?
4
Suppose -4*k - 12 = 0, -14690 = -2*u - 10*k + 13158. What is the hundreds digit of u?
9
Let q = 34 - 34. Suppose -3*u - 16 = -5*o, q*o - 3*o - 5*u = -30. What is the units digit of -1 - -1 - ((-556)/4 - o)?
4
Suppose -q + 39 = -0*q. Let g = q - 6. Suppose 36*r = g*r + 648. What is the hundreds digit of r?
2
Let c(j) = 6858*j + 531. What is the tens digit of c(5)?
2
Suppose 0 = -3*q - 2*w + 13052, 0 = 14*q - 13*q + 5*w - 4381. What is the thousands digit of q?
4
What is the units digit of 12/((-1)/(3880/(-7764)) - 40/20)?
0
What is the units digit of ((-13507144)/42)/(-28) + (-2)/(-6)?
6
Let m = 2988 + 3988. What is the units digit of m?
6
Let y be (-1 - -2)/(19/95). Let a(r) = 5*r - 23. Let s be a(y). Let q(g) = 2*g**3 + 2*g**2 - g - 2. What is the units digit of q(s)?
0
Suppose 6*j - 3*j = 0. Suppose j = 2*v - q - 4, -5*v + 9 - 12 = 4*q. What is the units digit of v?
1
Suppose 8*f - 379 = 13. Suppose -f*v = -43*v - 2928. What is the tens digit of v?
8
What is the ten thousands digit of (-9)/(-24 - 1735476/(-72312))?
5
Suppose 131*d - 2947768 - 4913542 = 0. What is the units digit of d?
0
Suppose -w - 17 = -5. What is the tens digit of 1*w/(-4)*65 + 2?
9
Let m(d) = 17*d**3 - d**2 + 14*d - 12. Let i be m(5). Suppose -w + 421 + 106 = 5*f, 4*w - 5*f - i = 0. What is the tens digit of w?
3
Suppose 199 = 2*z - q - 16, q = -4*z + 445. Suppose -242 = -4*l - 4*w + z, 2*l + w - 176 = 0. Let x = 169 - l. What is the tens digit of x?
8
Suppose 152*i - 40056 = 137*i + 86004. What is the hundreds digit of i?
4
Let h(s) = -5*s - 132. Let f be h(-30). Suppose -7432 - 15554 = -f*m. What is the hundreds digit of m?
2
Suppose -5*a = -4*q + 8824 + 9263, 6*q - a = 27163. What is the hundreds digit of q?
5
Let x be (69/12 - 5)/((-1)/4). Let r(w) = w**2 + w - 4. Let d be r(x). What is the units digit of 33/5 - d/(-5)?
7
Let r be (-3)/2*(24 + 6). Suppose -5*d + 37 = 17. What is the units digit of d + (2 - (0 + r))?
1
Let k = 63 + 0. Suppose 5*l + 17 = 4*s, -10*s - l = -8*s - 5. Suppose -p = -2*z - k, 4*p = s*z + 2*z + 246. What is the tens digit of p?
5
Let s(k) = 1602*k**2 + 278*k - 844. What is the ten thousands digit of s(3)?
1
Let h(s) = 0*s + 15*s - 320*s**2 - 1 + 45 + 333*s**2. What is the tens digit of h(-6)?
2
Let s = 1631 - 2. Let u = -501 + s. What is the units digit of u?
8
Let w be 2/(-7) + ((-936)/(-42) - -1). Suppose -w*u - 360 = -18*u. Let y = u - -85. What is the tens digit of y?
1
Let y = -5871 - -2091. What is the hundreds digit of 5/((y/(-158))/(-6) + 4)?
3
Suppose 13422 = x - 3*o, 5*x + 37*o - 34*o - 67182 = 0. What is the ten thousands digit of x?
1
Suppose -l + 256 + 33 = 0. Suppose 195 = 4*g - l. Let j = g + -63. What is the units digit of j?
8
What is the tens digit of (2/3)/(18/(-81))*(-1121288)/168?
2
Let z(t) = 10*t + 1. Let n(i) = -11*i + 1. Let q(f) = -7*n(f) - 6*z(f). What is the tens digit of q(10)?
5
Suppose 136865 = 52*o - 117363. What is the thousands digit of o?
4
Let q be (-6)/(-21)*(30 - 37). What is the thousands digit of 175632/120 - (52/20 + q)?
1
Suppose -308*x + 130*x = -121*x - 2206698. What is the units digit of x?
4
Suppose -100 = -2*u + 4*n, -26 = -2*u + n + 80. Suppose -7*w + u = -219. Suppose -4*s = 5*r - 204 - w, 12 = 4*r. What is the units digit of s?
7
Let x be (3 + (-33)/9)/((-6)/63). Let w(l) = 2*l - 7. Let d be w(x). Suppose -108 = -d*c + 5*c. What is the units digit of c?
4
Let j be 10/30*408/2. Let h = 284 + -281. Suppose -h*y + j = -445. What is the tens digit of y?
7
Let l be (2/3)/((-3338)/477 - -7). Suppose l = 3*w + 93. What is the tens digit of w?
7
Let n(q) be the first derivative of 155*q**3/3 + 3*q**2/2 + 3*q + 33. What is the hundreds digit of n(-1)?
1
Let y(j) = -159*j + 1025. What is the units digit of y(-17)?
8
Let u(y) = 2*y**2 + 49*y + 461. What is the tens digit of u(-36)?
8
Suppose 34*w = 295345 + 177119. What is the thousands digit of w?
3
Suppose 0 = 84*l - 68*l + 3744. Let k = l - -508. What is the units digit of k?
4
Let m(d) = -d**2 + 46*d - 215. Let l be m(29). Suppose 0 = z - 3, -l = 13*t - 14*t - 5*z. What is the hundreds digit of t?
2
Suppose -9 = -18*p - 9. Suppose 5*k + b - 454 = p, 0 = -k - b + 47 + 43. What is the units digit of k?
1
Suppose 0*y + 2*c = y - 785, 3*c + 1574 = 2*y. What is the units digit of y?
3
Suppose 2*k - 2*b = -0*b + 30, 18 = k - 4*b. Suppose k = 4*a - 6. Suppose -169 = -2*x + i, -a*x = -0*x - i - 421. What is the tens digit of x?
8
Let c(q) = -21*q + 304. What is the units digit of c(-29)?
3
Let k be (-1 + 217/(-3))*132/55. What is the tens digit of (-113488)/k - (2 - (-48)/(-22))?
4
Let n(i) = 3*i**2 - 83*i - 613. What is the thousands digit of n(-45)?
9
Let f(k) = 3617*k**2 - 143*k - 143. What is the units digit of f(-1)?
7
Suppose 0 = 2*n - 0*n + 250. Let q = n - -80. What is the tens digit of (q/15)/(6/(-164))?
8
Let l(p) = 100*p + 104. Let n be l(-4). Let j = -151 - n. What is the units digit of j?
5
Let j = 1793 + -389. What is the hundreds digit of j?
4
What is the thousands digit of 133 - 132 - (-1 + (-58258)/2)?
9
Suppose -5*q + 4*i - i + 110 = 0, 5*i + 50 = 3*q. Suppose 4*l - q = -5. Suppose 5*v - l*c = 575, -5*v - 5*c - 219 = -794. What is the tens digit of v?
1
Suppose -5*q = -2*q + 3*i - 62871, q - 20951 = 5*i. What is the thousands digit of q?
0
Let n = 909 - 782. Let w = n - -269. What is the units digit of w?
6
What is the thousands digit of (6 + -10)/4*6*-562?
3
Let f = 185 + -182. Suppose -q + 208 = 2*i - 468, -q = f*i - 1012. What is the units digit of i?
6
What is the units digit of ((-14)/(98/5663))/(-2 + 9/5)?
5
Suppose -3 = -2*d + 3. Suppose -4605 + 27810 = 65*z. What is the units digit of z/d + -1 + -2?
6
Let n(o) = -o**3 - 6*o**2 - 9*o - 10. Let w be n(-4). What is the tens digit of w - (20192/(-8))/4?
2
Let o(n) be the second derivative of 3/4*n**4 + 3*n + n**3 + 0 + 1/20*n**5 + 13/2*n**2. What is th